[INFO] cloning repository https://github.com/TimJentzsch/bevy_text_adventure_prototype
[INFO] running `Command { std: "git" "-c" "credential.helper=" "-c" "credential.helper=/workspace/cargo-home/bin/git-credential-null" "clone" "--bare" "https://github.com/TimJentzsch/bevy_text_adventure_prototype" "/workspace/cache/git-repos/https%3A%2F%2Fgithub.com%2FTimJentzsch%2Fbevy_text_adventure_prototype", kill_on_drop: false }`
[INFO] [stderr] Cloning into bare repository '/workspace/cache/git-repos/https%3A%2F%2Fgithub.com%2FTimJentzsch%2Fbevy_text_adventure_prototype'...
[INFO] running `Command { std: "git" "rev-parse" "HEAD", kill_on_drop: false }`
[INFO] [stdout] ea8495db82f2aa7080d1eb5b7b5d11af4733b32b
[INFO] checking TimJentzsch/bevy_text_adventure_prototype against master#9610dfe5a9a731ced1ea4923ecbd0c57fe367898 for beta-170-4
[INFO] running `Command { std: "git" "clone" "/workspace/cache/git-repos/https%3A%2F%2Fgithub.com%2FTimJentzsch%2Fbevy_text_adventure_prototype" "/workspace/builds/worker-2-tc1/source", kill_on_drop: false }`
[INFO] [stderr] Cloning into '/workspace/builds/worker-2-tc1/source'...
[INFO] [stderr] done.
[INFO] validating manifest of git repo https://github.com/TimJentzsch/bevy_text_adventure_prototype on toolchain 9610dfe5a9a731ced1ea4923ecbd0c57fe367898
[INFO] running `Command { std: CARGO_HOME="/workspace/cargo-home" RUSTUP_HOME="/workspace/rustup-home" "/workspace/cargo-home/bin/cargo" "+9610dfe5a9a731ced1ea4923ecbd0c57fe367898" "metadata" "--manifest-path" "Cargo.toml" "--no-deps", kill_on_drop: false }`
[INFO] started tweaking git repo https://github.com/TimJentzsch/bevy_text_adventure_prototype
[INFO] finished tweaking git repo https://github.com/TimJentzsch/bevy_text_adventure_prototype
[INFO] tweaked toml for git repo https://github.com/TimJentzsch/bevy_text_adventure_prototype written to /workspace/builds/worker-2-tc1/source/Cargo.toml
[INFO] crate git repo https://github.com/TimJentzsch/bevy_text_adventure_prototype already has a lockfile, it will not be regenerated
[INFO] running `Command { std: CARGO_HOME="/workspace/cargo-home" RUSTUP_HOME="/workspace/rustup-home" "/workspace/cargo-home/bin/cargo" "+9610dfe5a9a731ced1ea4923ecbd0c57fe367898" "fetch" "--manifest-path" "Cargo.toml", kill_on_drop: false }`
[INFO] [stderr]  Downloading crates ...
[INFO] [stderr]   Downloaded bevy_hierarchy v0.7.0
[INFO] [stderr]   Downloaded bevy_core v0.7.0
[INFO] [stderr]   Downloaded bevy_math v0.7.0
[INFO] [stderr]   Downloaded bevy_scene v0.7.0
[INFO] [stderr]   Downloaded bevy_transform v0.7.0
[INFO] [stderr]   Downloaded hexasphere v7.0.0
[INFO] [stderr]   Downloaded bevy_pbr v0.7.0
[INFO] [stderr]   Downloaded bevy_core_pipeline v0.7.0
[INFO] [stderr]   Downloaded bevy_input v0.7.0
[INFO] [stderr]   Downloaded bevy_asset v0.7.0
[INFO] [stderr]   Downloaded bevy_app v0.7.0
[INFO] [stderr]   Downloaded bevy_tasks v0.7.0
[INFO] [stderr]   Downloaded bevy_window v0.7.0
[INFO] [stderr]   Downloaded bevy_diagnostic v0.7.0
[INFO] [stderr]   Downloaded bevy_ecs_macros v0.7.0
[INFO] [stderr]   Downloaded bevy-crevice-derive v0.7.0
[INFO] [stderr]   Downloaded bevy_log v0.7.0
[INFO] [stderr]   Downloaded bevy_macro_utils v0.7.0
[INFO] [stderr]   Downloaded bevy_crevice v0.7.0
[INFO] [stderr]   Downloaded bevy_internal v0.7.0
[INFO] [stderr]   Downloaded bevy_reflect_derive v0.7.0
[INFO] [stderr]   Downloaded bevy_derive v0.7.0
[INFO] [stderr]   Downloaded bevy_utils v0.7.0
[INFO] [stderr]   Downloaded bevy_ecs v0.7.0
[INFO] [stderr]   Downloaded bevy_render v0.7.0
[INFO] [stderr]   Downloaded bevy v0.7.0
[INFO] [stderr]   Downloaded bevy_reflect v0.7.0
[INFO] running `Command { std: "docker" "create" "-v" "/var/lib/crater-agent-workspace/builds/worker-2-tc1/target:/opt/rustwide/target:rw,Z" "-v" "/var/lib/crater-agent-workspace/builds/worker-2-tc1/source:/opt/rustwide/workdir:ro,Z" "-v" "/var/lib/crater-agent-workspace/cargo-home:/opt/rustwide/cargo-home:ro,Z" "-v" "/var/lib/crater-agent-workspace/rustup-home:/opt/rustwide/rustup-home:ro,Z" "-e" "SOURCE_DIR=/opt/rustwide/workdir" "-e" "CARGO_TARGET_DIR=/opt/rustwide/target" "-e" "CARGO_HOME=/opt/rustwide/cargo-home" "-e" "RUSTUP_HOME=/opt/rustwide/rustup-home" "-w" "/opt/rustwide/workdir" "-m" "1610612736" "--user" "0:0" "--network" "none" "ghcr.io/rust-lang/crates-build-env/linux@sha256:19e73879b68f455e41552ea35293514db52ea292d993f571636dbffedb77a1ee" "/opt/rustwide/cargo-home/bin/cargo" "+9610dfe5a9a731ced1ea4923ecbd0c57fe367898" "metadata" "--no-deps" "--format-version=1", kill_on_drop: false }`
[INFO] [stdout] d8777c70e446a849433c78eb76fd372345910d2d171665533cf5607d7f2a9264
[INFO] running `Command { std: "docker" "start" "-a" "d8777c70e446a849433c78eb76fd372345910d2d171665533cf5607d7f2a9264", kill_on_drop: false }`
[INFO] running `Command { std: "docker" "inspect" "d8777c70e446a849433c78eb76fd372345910d2d171665533cf5607d7f2a9264", kill_on_drop: false }`
[INFO] running `Command { std: "docker" "rm" "-f" "d8777c70e446a849433c78eb76fd372345910d2d171665533cf5607d7f2a9264", kill_on_drop: false }`
[INFO] [stdout] d8777c70e446a849433c78eb76fd372345910d2d171665533cf5607d7f2a9264
[INFO] running `Command { std: "docker" "create" "-v" "/var/lib/crater-agent-workspace/builds/worker-2-tc1/target:/opt/rustwide/target:rw,Z" "-v" "/var/lib/crater-agent-workspace/builds/worker-2-tc1/source:/opt/rustwide/workdir:ro,Z" "-v" "/var/lib/crater-agent-workspace/cargo-home:/opt/rustwide/cargo-home:ro,Z" "-v" "/var/lib/crater-agent-workspace/rustup-home:/opt/rustwide/rustup-home:ro,Z" "-e" "SOURCE_DIR=/opt/rustwide/workdir" "-e" "CARGO_TARGET_DIR=/opt/rustwide/target" "-e" "CARGO_INCREMENTAL=0" "-e" "RUST_BACKTRACE=full" "-e" "RUSTFLAGS=--cap-lints=forbid" "-e" "RUSTDOCFLAGS=--cap-lints=forbid" "-e" "CARGO_HOME=/opt/rustwide/cargo-home" "-e" "RUSTUP_HOME=/opt/rustwide/rustup-home" "-w" "/opt/rustwide/workdir" "-m" "1610612736" "--user" "0:0" "--network" "none" "ghcr.io/rust-lang/crates-build-env/linux@sha256:19e73879b68f455e41552ea35293514db52ea292d993f571636dbffedb77a1ee" "/opt/rustwide/cargo-home/bin/cargo" "+9610dfe5a9a731ced1ea4923ecbd0c57fe367898" "check" "--frozen" "--all" "--all-targets" "--message-format=json", kill_on_drop: false }`
[INFO] [stdout] 4b7bb0d3d304ac7f451be08676907a40f914cd942f97969bc76a7d8997308980
[INFO] running `Command { std: "docker" "start" "-a" "4b7bb0d3d304ac7f451be08676907a40f914cd942f97969bc76a7d8997308980", kill_on_drop: false }`
[INFO] [stderr]    Compiling proc-macro2 v1.0.39
[INFO] [stderr]    Compiling unicode-ident v1.0.0
[INFO] [stderr]    Compiling syn v1.0.95
[INFO] [stderr]    Compiling serde_derive v1.0.137
[INFO] [stderr]    Compiling serde v1.0.137
[INFO] [stderr]    Compiling hashbrown v0.11.2
[INFO] [stderr]     Checking once_cell v1.11.0
[INFO] [stderr]    Compiling libc v0.2.126
[INFO] [stderr]    Compiling indexmap v1.8.1
[INFO] [stderr]     Checking tracing-core v0.1.26
[INFO] [stderr]     Checking instant v0.1.12
[INFO] [stderr]     Checking getrandom v0.2.6
[INFO] [stderr]     Checking cache-padded v1.2.0
[INFO] [stderr]     Checking bytemuck v1.9.1
[INFO] [stderr]     Checking futures-io v0.3.21
[INFO] [stderr]     Checking fastrand v1.7.0
[INFO] [stderr]     Checking concurrent-queue v1.2.2
[INFO] [stderr]     Checking async-task v4.2.0
[INFO] [stderr]     Checking slab v0.4.6
[INFO] [stderr]     Checking fixedbitset v0.4.1
[INFO] [stderr]     Checking ahash v0.7.6
[INFO] [stderr]    Compiling log v0.4.17
[INFO] [stderr]     Checking regex-syntax v0.6.26
[INFO] [stderr]     Checking futures-lite v1.12.0
[INFO] [stderr]     Checking async-channel v1.6.1
[INFO] [stderr]     Checking thread_local v1.1.4
[INFO] [stderr]     Checking sharded-slab v0.1.4
[INFO] [stderr]    Compiling crossbeam-utils v0.8.8
[INFO] [stderr]     Checking ansi_term v0.12.1
[INFO] [stderr]     Checking rand_core v0.6.3
[INFO] [stderr]    Compiling anyhow v1.0.57
[INFO] [stderr]     Checking raw-window-handle v0.4.3
[INFO] [stderr]     Checking rand_chacha v0.3.1
[INFO] [stderr]     Checking tracing-log v0.1.3
[INFO] [stderr]     Checking rand v0.8.5
[INFO] [stderr]    Compiling quote v1.0.18
[INFO] [stderr]     Checking crossbeam-channel v0.5.4
[INFO] [stderr]     Checking async-executor v1.4.1
[INFO] [stderr]     Checking bevy_tasks v0.7.0
[INFO] [stderr]     Checking regex-automata v0.1.10
[INFO] [stderr]     Checking regex v1.5.6
[INFO] [stderr]     Checking matchers v0.1.0
[INFO] [stderr]    Compiling toml v0.5.9
[INFO] [stderr]    Compiling uuid v0.8.2
[INFO] [stderr]    Compiling tracing-attributes v0.1.21
[INFO] [stderr]    Compiling thiserror-impl v1.0.31
[INFO] [stderr]     Checking thiserror v1.0.31
[INFO] [stderr]     Checking tracing v0.1.34
[INFO] [stderr]    Compiling cargo-manifest v0.2.6
[INFO] [stderr]    Compiling bevy_macro_utils v0.7.0
[INFO] [stderr]    Compiling bevy_derive v0.7.0
[INFO] [stderr]    Compiling bevy_reflect_derive v0.7.0
[INFO] [stderr]    Compiling bevy_ecs_macros v0.7.0
[INFO] [stderr]     Checking smallvec v1.8.0
[INFO] [stderr]     Checking erased-serde v0.3.20
[INFO] [stderr]     Checking glam v0.20.5
[INFO] [stderr]     Checking ron v0.7.0
[INFO] [stderr]     Checking parking_lot_core v0.8.5
[INFO] [stderr]     Checking tracing-subscriber v0.3.11
[INFO] [stderr]     Checking parking_lot v0.11.2
[INFO] [stderr]     Checking bevy_utils v0.7.0
[INFO] [stderr]     Checking bevy_reflect v0.7.0
[INFO] [stderr]     Checking bevy_ecs v0.7.0
[INFO] [stderr]     Checking bevy_math v0.7.0
[INFO] [stderr]     Checking bevy_app v0.7.0
[INFO] [stderr]     Checking bevy_core v0.7.0
[INFO] [stderr]     Checking bevy_log v0.7.0
[INFO] [stderr]     Checking bevy_hierarchy v0.7.0
[INFO] [stderr]     Checking bevy_input v0.7.0
[INFO] [stderr]     Checking bevy_window v0.7.0
[INFO] [stderr]     Checking bevy_diagnostic v0.7.0
[INFO] [stderr]     Checking bevy_transform v0.7.0
[INFO] [stderr]     Checking bevy_asset v0.7.0
[INFO] [stderr]     Checking bevy_scene v0.7.0
[INFO] [stderr]     Checking bevy_internal v0.7.0
[INFO] [stderr]     Checking bevy v0.7.0
[INFO] [stderr]     Checking bevy_text_adventure_prototype v0.1.0 (/opt/rustwide/workdir)
[INFO] [stdout] error[E0635]: unknown feature `str_split_whitespace_as_str`
[INFO] [stdout]  --> src/main.rs:1:12
[INFO] [stdout]   |
[INFO] [stdout] 1 | #![feature(str_split_whitespace_as_str)]
[INFO] [stdout]   |            ^^^^^^^^^^^^^^^^^^^^^^^^^^^
[INFO] [stdout] 
[INFO] [stdout] 
[INFO] [stdout] error[E0635]: unknown feature `str_split_whitespace_as_str`
[INFO] [stdout]  --> src/main.rs:1:12
[INFO] [stdout]   |
[INFO] [stdout] 1 | #![feature(str_split_whitespace_as_str)]
[INFO] [stdout]   |            ^^^^^^^^^^^^^^^^^^^^^^^^^^^
[INFO] [stdout] 
[INFO] [stdout] 
[INFO] [stdout] error[E0599]: no method named `as_str` found for struct `SplitAsciiWhitespace` in the current scope
[INFO] [stdout]   --> src/commands/parse.rs:19:31
[INFO] [stdout]    |
[INFO] [stdout] 19 |             let rest = tokens.as_str();
[INFO] [stdout]    |                               ^^^^^^ method not found in `SplitAsciiWhitespace<'_>`
[INFO] [stdout] 
[INFO] [stdout] 
[INFO] [stdout] error[E0599]: no method named `as_str` found for struct `SplitAsciiWhitespace` in the current scope
[INFO] [stdout]   --> src/commands/parse.rs:19:31
[INFO] [stdout]    |
[INFO] [stdout] 19 |             let rest = tokens.as_str();
[INFO] [stdout]    |                               ^^^^^^ method not found in `SplitAsciiWhitespace<'_>`
[INFO] [stdout] 
[INFO] [stdout] 
[INFO] [stdout] error: aborting due to 2 previous errors
[INFO] [stdout] 
[INFO] [stdout] 
[INFO] [stdout] Some errors have detailed explanations: E0599, E0635.
[INFO] [stdout] 
[INFO] [stdout] For more information about an error, try `rustc --explain E0599`.
[INFO] [stdout] 
[INFO] [stderr] error: could not compile `bevy_text_adventure_prototype` (bin "bevy_text_adventure_prototype") due to 3 previous errors
[INFO] [stderr] warning: build failed, waiting for other jobs to finish...
[INFO] [stdout] error: aborting due to 2 previous errors
[INFO] [stdout] 
[INFO] [stdout] 
[INFO] [stdout] Some errors have detailed explanations: E0599, E0635.
[INFO] [stdout] 
[INFO] [stdout] For more information about an error, try `rustc --explain E0599`.
[INFO] [stdout] 
[INFO] [stderr] error: could not compile `bevy_text_adventure_prototype` (bin "bevy_text_adventure_prototype" test) due to 3 previous errors
[INFO] running `Command { std: "docker" "inspect" "4b7bb0d3d304ac7f451be08676907a40f914cd942f97969bc76a7d8997308980", kill_on_drop: false }`
[INFO] running `Command { std: "docker" "rm" "-f" "4b7bb0d3d304ac7f451be08676907a40f914cd942f97969bc76a7d8997308980", kill_on_drop: false }`
[INFO] [stdout] 4b7bb0d3d304ac7f451be08676907a40f914cd942f97969bc76a7d8997308980
